der when k is divided by o?
0
Let s(f) = -f**3 + 2*f**2 + 3*f - 16. Let j = 12 + -8. Suppose -2*b + 2*p = -j*b + 18, -3*b + p = -47. Calculate the remainder when s(-4) is divided by b.
12
Let y = 158 + -105. Let d = -623 + 643. What is the remainder when y is divided by d?
13
Let w = 3720 - 3685. Calculate the remainder when 741 is divided by w.
6
Suppose -8*g + 7*g + 3 = 0, 5*b - 3*g = 2831. Calculate the remainder when b is divided by 24.
16
Let z = 6266 + -6210. What is the remainder when 117 is divided by z?
5
Let r(i) = i - 2. Let m be r(3). Let k be ((-3 - -3)/m)/(8/2). Suppose k*t - 175 = -7*t. Calculate the remainder when t is divided by 3.
1
Suppose -123*z = -125*z - 4*x + 26, 0 = 2*z + 2*x - 34. Calculate the remainder when 5396 is divided by z.
20
Let b(v) = 16*v**3 + 2*v - 3. Let h be (0 - -10)*5/50*2. Suppose 2*r - z = 54, 3*r + r - 110 = 3*z. What is the remainder when b(h) is divided by r?
25
Let x = -377 - -452. Let m = 86 - -286. What is the remainder when m is divided by x?
72
Let s = -2483 + 2573. What is the remainder when 2698 is divided by s?
88
Let m = 2 - 1. Let i be (-378)/84*2/3 - -8. Suppose m = -i*t + 56. What is the remainder when 109 is divided by t?
10
Let s be (-18 + -2)*(5 - 0). Let h = -76 - s. Suppose -15 - h = -13*q. Calculate the remainder when 10 is divided by q.
1
Let n(r) = 9*r - 1. Let v be n(0). What is the remainder when 2/((-3)/(150/v)) is divided by 15?
10
Calculate the remainder when (-318)/(-15)*((-16)/((-2)/1) + 7) is divided by 85.
63
Let q = 16616 + -16598. Calculate the remainder when 1379 is divided by q.
11
Let s = 7040 + -6311. Calculate the remainder when s is divided by 107.
87
Let n = -3153 - -3247. What is the remainder when 3381 is divided by n?
91
Let a(g) = g**3 - 11*g**2 - 19*g + 22. Let l be a(11). Let n = l + 111. Let z = n - -92. What is the remainder when 28 is divided by z?
12
Let w be (-12)/(-8) + (-60)/(-24). Suppose -w*u + 5*d + 56 = 0, 3*u + 5*d - 17 = 25. Calculate the remainder when 51 is divided by u.
9
Let l(f) = f**3 - f**2 - f - 3. Let y be l(0). Let v(d) = 2*d**2 + 2*d + 2. Calculate the remainder when 109 is divided by v(y).
11
Let j(m) = -2*m**3 - 3*m**2 + 4*m + 17. Let x be j(4). Let u = -95 - x. Suppose -584 = -5*s + 366. What is the remainder when s is divided by u?
46
Let l(b) be the first derivative of 51*b**4/4 - b**2 + b - 2. Calculate the remainder when 198 is divided by l(1).
48
Let w = 821 - -152. Suppose 6*r = -w - 341. Let x = -107 - r. Calculate the remainder when x is divided by 29.
25
Suppose 11*f - 656 - 114 = 0. Let g = f + 70. Calculate the remainder when g is divided by 29.
24
Let t = 501 - 469. What is the remainder when t is divided by (-2)/(2 + 0 + 0)*-17?
15
Let h(v) = -v**3 + 25*v**2 + 31*v + 19. Let l be h(27). Let q = l + 687. What is the remainder when q is divided by 16?
5
Suppose 0 = 2*s + 3*o - 1143, -17*s + 15*s = -4*o - 1164. What is the remainder when s is divided by 29?
25
Suppose -3*p + 562 + 160 = 4*y, -5*y + 248 = p. What is the remainder when p is divided by 65?
43
Let h(k) = 10*k - 26. Let g be h(3). Suppose g*j - f - f = 66, 5*f + 53 = 2*j. Calculate the remainder when 166 is divided by j.
12
Let w(b) = 6*b**2 + b. Suppose -24*t = -598 - 739 - 295. Calculate the remainder when t is divided by w(1).
5
Let f = -10386 - -10546. What is the remainder when 558 is divided by f?
78
Suppose 2*m + 1 = -d + 5, 2*m + 12 = -5*d. Suppose -243 = -c + 4*j, -3*j = -m*c + 2*j + 917. Calculate the remainder when c is divided by 32.
31
Suppose 3*r + 9 = 0, 0 = -4*v + 2*r - 353 - 625. Let h = -219 - v. Let n = -62 + 115. Calculate the remainder when n is divided by h.
26
Suppose -5*n + 8 + 1 = 4*v, -42 = -5*v + 4*n. Let s = 9 - 7. Suppose u - 14 = -2*k, 5*u = 4*k - s*k + 82. What is the remainder when u is divided by v?
4
Let j(r) = 2*r**2 - 44*r + 143. What is the remainder when j(28) is divided by 80?
79
Suppose -12*l - 35 = -47. What is the remainder when l + 145 - (0 - (2 + -3)) is divided by 7?
5
Let a(i) = 34*i**2 + i - 1. Let q be ((-290)/2)/((5 - 4)/(-1)). Calculate the remainder when a(1) is divided by q/15 + (-6)/9.
7
Suppose 0 = p + 1, -5*f = 4*p - 48 - 48. Suppose f*n - 294 = 6*n. What is the remainder when n is divided by 8?
5
Let n(k) = -k**2 + 11*k + 5. Let f be n(9). Let u = f - 18. Calculate the remainder when 13 is divided by u.
3
Suppose -37 = 4*x + 23. Let c(z) = -8*z**2 - 188*z - 62. Let u be c(-23). Let f = u + x. Calculate the remainder when f is divided by 2.
1
Suppose -25*c + 18*c = 5*c - 1680. Calculate the remainder when 265 is divided by c.
125
Suppose 18 = 3*m, 2*w - 13*m + 10*m = 2020. What is the remainder when w is divided by 32?
27
Let s = 2806 + -2770. Calculate the remainder when 4211 is divided by s.
35
Suppose 0 + 9 = 3*f. Let v(t) = 6*t**3 + t**2 - t - 3. Let r be v(f). Suppose 14*w = -w + r. What is the remainder when 32 is divided by w?
10
Suppose 0*c = 8*c + 592. Let d = -52 - c. Calculate the remainder when 174 is divided by d.
20
Let j(i) = -2*i**3 - 15*i**2 - 26*i + 9. What is the remainder when 33343 is divided by j(-6)?
55
Let z(b) = b**2 + b - 37. Let r be z(6). Suppose -2*v + 3*s = -63 - 10, -2*s = r*v - 154. What is the remainder when 182 is divided by v?
22
Suppose -33*z = -6038 - 24751. What is the remainder when z is divided by 120?
93
Suppose 135 = 15*z - 10*z. Calculate the remainder when 292/6 - ((-5)/(-1))/(-15) is divided by z.
22
Let i(a) = 2*a + 33. Let y(u) = -u - 11. Let c(g) = 3*i(g) + 8*y(g). Let q = 6 - 2. What is the remainder when c(-8) is divided by q?
3
What is the remainder when 7222/24 - 38/(-456) is divided by 85?
46
Suppose 16 = -48*s + 46*s. Let h(t) = -34*t - 108. Calculate the remainder when h(s) is divided by 55.
54
Suppose 0 = -t, -29*t + 28*t - 132 = -0*i - i. What is the remainder when i is divided by 31?
8
Suppose -319 = -2*j - 3*j - t, 2*t - 8 = 0. Let q = -49 + j. What is the remainder when 1 - 9/(-6)*14 is divided by q?
8
Calculate the remainder when 683 is divided by (1 + 62)/(-7) + 184.
158
Let w = -2708 - -2935. What is the remainder when w is divided by 187?
40
Let o be -1 + -3 + (62 - -28). Let l = o + 0. What is the remainder when l is divided by 45?
41
Suppose -3*a + 1195 = -y + 444, -a - 2*y = -241. Calculate the remainder when a is divided by 69.
42
Let f(y) = -615*y - 1203. What is the remainder when 232 is divided by f(-2)?
16
Suppose -3*k - 10 = 5*t - 28, 3*k = -t + 18. Let s(j) = -j**3 - 2*j**2 + 5. Calculate the remainder when s(-3) is divided by k.
2
Suppose 0 = -b - 0*b - 4*b. Suppose 7*a - 12*a + 325 = b. Let g = a - 60. Calculate the remainder when 13 is divided by g.
3
Let l = 13117 - 11822. What is the remainder when l is divided by 162?
161
Suppose -x + 50 = 33. Let d(w) = 2*w**2 - 27*w - 50. Calculate the remainder when d(x) is divided by 46.
23
Let x = -3310 - -3397. What is the remainder when 182 is divided by x?
8
Let i = 4599 + -4559. What is the remainder when 0*5/30 - 2*-97 is divided by i?
34
Suppose 0 = -189*h + 369*h - 16020. Calculate the remainder when h is divided by 9.
8
Let f(b) = -b**3 + 6*b**2 + 2*b - 4. Let u be f(6). Let r = u - -6. What is the remainder when 326/4 - 30/60 is divided by r?
11
Let q = -70 + 119. Let r(l) be the first derivative of -l**4/4 + 50*l**3/3 + 30*l**2 - 264*l - 199. What is the remainder when r(51) is divided by q?
48
Let s = -79 - -84. Suppose -5*n + 5 + s = 0. Suppose 4*a - 3*u - u = 416, -n*a - u = -199. What is the remainder when a is divided by 13?
10
Suppose -800*h + 10736 + 9264 = 0. Suppose -3*d + i + 16 = 0, -2*d - 2*d + 5*i + 25 = 0. What is the remainder when h is divided by d?
0
Suppose -83 - 31 = -6*m. Let n = 19 - m. Suppose -3*z + 5*v + 169 = n, -z + 3*z + 4*v - 98 = 0. What is the remainder when z is divided by 18?
17
Suppose 13*i = 12*i + 5*b + 136, 3*i + b - 424 = 0. Calculate the remainder when 672 is divided by i.
108
Suppose -3355 - 1637 - 10581 = -29*k. Calculate the remainder when 1095 is divided by k.
21
Let c(h) = -h + 9. Let a be c(-4). Calculate the remainder when 13/a + (-52)/(-2) is divided by 22/(-6)*24/(-8).
5
Let i = -20838 + 27666. Calculate the remainder when i is divided by 61.
57
Suppose 25*k + 14*k - 18998 = -7*k. Calculate the remainder when k is divided by 